+ -10101?
1101001
In base 10, what is 5 - -32?
37
In base 2, what is 1010000111101 - 1?
1010000111100
In base 15, what is 8 + 1ba?
1c3
In base 9, what is -5372 - 2?
-5374
In base 9, what is -32 + 166?
134
In base 7, what is -6 - -32?
23
In base 12, what is 0 + 317?
317
In base 16, what is 2 + -24?
-22
In base 11, what is 0 - 536?
-536
In base 16, what is 3 + -57?
-54
In base 6, what is 134 + 23?
201
In base 13, what is -389 + 31?
-358
In base 7, what is 5522 - -1?
5523
In base 12, what is 13 - 266?
-253
In base 8, what is 2 - 10?
-6
In base 14, what is 2 - 451?
-44d
In base 12, what is -b - 37a?
-389
In base 10, what is 2 + 260?
262
In base 4, what is -3 + 122213?
122210
In base 15, what is 15 + 3?
18
In base 13, what is -8 + -a0?
-a8
In base 8, what is 3 - -10212?
10215
In base 14, what is 5c - -38?
96
In base 8, what is -31 - -41?
10
In base 12, what is -5 + 1a?
15
In base 7, what is -26 - -113?
54
In base 14, what is -478 + 3?
-475
In base 12, what is 9 + -8?
1
In base 14, what is 2 + -19?
-17
In base 16, what is 0 - 32c?
-32c
In base 5, what is 4 + -200?
-141
In base 8, what is 161 - -2?
163
In base 3, what is 0 + -21100?
-21100
In base 10, what is 14 - 17?
-3
In base 7, what is -3 + -115?
-121
In base 2, what is 10000 - 1100?
100
In base 3, what is -20202 + 1001?
-12201
In base 11, what is 16 + 14?
2a
In base 8, what is 4204 + 5?
4211
In base 4, what is -13 + 21?
2
In base 13, what is 7 + -89?
-82
In base 15, what is -4 - 520?
-524
In base 6, what is -42 - -1?
-41
In base 10, what is 1 + -870?
-869
In base 15, what is 0 + -a?
-a
In base 12, what is 78 + -1?
77
In base 16, what is -86 + 2?
-84
In base 16, what is 5c + 1?
5d
In base 2, what is 110101001 - -100?
110101101
In base 2, what is -101 - 100101111001?
-100101111110
In base 16, what is 29bb - 3?
29b8
In base 12, what is 13985 - 1?
13984
In base 6, what is -30 + 321?
251
In base 13, what is 1ab - 1?
1aa
In base 14, what is -6a + -1?
-6b
In base 13, what is 7 + -677?
-670
In base 7, what is 1401 - -5?
1406
In base 15, what is 4581 - 1?
4580
In base 10, what is -469 - -3?
-466
In base 2, what is -10001001011 + 1?
-10001001010
In base 4, what is 11031 + 1011?
12102
In base 9, what is -260 + -4?
-264
In base 2, what is -101 - 10010111?
-10011100
In base 5, what is 3 - 1122?
-1114
In base 15, what is 0 - -18?
18
In base 5, what is 14 + 14430?
14444
In base 12, what is 199 + 1?
19a
In base 8, what is 3 - 152?
-147
In base 2, what is -1000111 + 0?
-1000111
In base 12, what is -10 + 5?
-7
In base 13, what is -405 - 5?
-40a
In base 4, what is 1 - -10?
11
In base 3, what is 1 + -1002010?
-1002002
In base 6, what is -4 + -2024?
-2032
In base 9, what is 5 + -634?
-628
In base 12, what is -4a + 17?
-33
In base 11, what is 113 - 4?
10a
In base 14, what is 4b - 1?
4a
In base 16, what is 4015 - 3?
4012
In base 13, what is 1 - 58?
-57
In base 4, what is 3 - 1331?
-1322
In base 16, what is -1a + -70?
-8a
In base 10, what is -6 + -85?
-91
In base 9, what is 3 - -314?
317
In base 11, what is 10 - 23?
-13
In base 12, what is -1 + 23?
22
In base 16, what is 138 - -3?
13b
In base 16, what is 2 - -1a?
1c
In base 15, what is d44 + -7?
d3c
In base 13, what is 3120 - 1?
311c
In base 16, what is 4 + 31?
35
In base 11, what is 114 + -1?
113
In base 5, what is -4230 + -4?
-4234
In base 3, what is -12 + -121?
-210
In base 9, what is 0 - -208?
208
In base 12, what is -147 + -1?
-148
In base 4, what is -2 + -2103?
-2111
In base 5, what is 10 + 103303?
103313
In base 8, what is -314 + -36?
-352
In base 11, what is 2102 + 1?
2103
In base 13, what is -86 - -4?
-82
In base 4, what is -101 + -30222?
-30323
In base 4, what is -2 + 103222?
103220
In base 16, what is -3aa + -e?
-3b8
In base 12, what is 2 - ab?
-a9
In base 8, what is 2277 - -7?
2306
In base 16, what is 4 + 3?
7
In base 8, what is -26 - -114?
66
In base 10, what is -3 + 1124?
1121
In base 12, what is 18 + a?
26
In base 13, what is 14a + 2?
14c
In base 6, what is -2503 - -4?
-2455
In base 7, what is -126 + -4?
-133
In base 8, what is 3 + 372?
375
In base 16, what is 1 - -2e9?
2ea
In base 3, what is 1200 + -2110?
-210
In base 11, what is 13a + 7?
146
In base 4, what is 10302 - 120?
10122
In base 2, what is -11000111 + -101?
-11001100
In base 14, what is -51 + -140?
-191
In base 7, what is 5 - -130?
135
In base 6, what is 4 - -1115?
1123
In base 16, what is 1 - -d47?
d48
In base 5, what is -32 - -3?
-24
In base 3, what is -20 - 1211101?
-1211121
In base 13, what is -1 + 1ab9?
1ab8
In base 6, what is -1 + -1255?
-1300
In base 15, what is 9 - 19?
-10
In base 7, what is -13 + -4?
-20
In base 7, what is -53 + 23?
-30
In base 15, what is -92 + 7?
-8a
In base 16, what is b + e?
19
In base 11, what is 5 + -17?
-12
In base 6, what is 35 - 2011?
-1532
In base 9, what is 1612 - 14?
1587
In base 8, what is -1 + -2057?
-2060
In base 15, what is 54 + 49?
9d
In base 4, what is -131 - 1101?
-1232
In base 3, what is 11020122 - -11?
11020210
In base 14, what is 18a - -8?
194
In base 4, what is -11 - -1121?
1110
In base 2, what is -10110100110 + -1?
-10110100111
In base 12, what is 4 - 408?
-404
In base 5, what is 3 - -110?
113
In base 13, what is -18 + 3a7?
38c
In base 6, what is -12442 - 4?
-12450
In base 13, what is -1 - 7?
-8
In base 9, what is 12027 + 5?
12033
In base 8, what is 360 - -2?
362
In base 6, what is 43 + 1320?
1403
In base 9, what is 0 - 1543?
-1543
In base 5, what is -2203 - 2?
-2210
In base 11, what is 18 - 11?
7
In base 7, what is 5106 - -1?
5110
In base 14, what is c7 - 4?
c3
In base 4, what is 122 - 1320?
-1132
In base 3, what is 110212110 - 1?
110212102
In base 16, what is 3 + -51?
-4e
In base 16, what is 7 + 41?
48
In base 11, what is 434 - -5?
439
In base 5, what is -1432 - 21?
-2003
In base 11, what is 920a - 2?
9208
In base 11, what is 113 + -3?
110
In base 3, what is -1100 + -2?
-1102
In base 7, what is 610 + 5?
615
In base 16, what is -39 - -b?
-2e
In base 8, what is 16 - 44?
-26
In base 9, what is -101 - -4?
-86
In base 11, what is -8 - -595?
588
In base 15, what is -e9 + -30?
-129
In base 12, what is -37 - -7?
-30
In base 14, what is -2b68 - -5?
-2b63
In base 7, what is -26 + -2?
-31
In base 2, what is 1000101 - 11?
1000010
In base 15, what is 1a3 - -1?
1a4
In base 14, what is 4 + 15?
19
In base 11, what is 112 + 5?
117
In base 6, what is 1342 + 3?
1345
In base 9, what is -5 - -42?
36
In base 8, what is -1 + -14?
-15
In base 12, what is -22 - 7?
-29
In base 11, what is -2 + -76?
-78
In base 7, what is 236 - 4?
232
In base 12, what is 18 + 37?
53
In base 14, what is -5 + 89?
84
In base 12, what is -3 + 273?
270
In base 4, what is -3 - 1000?
-1003
In base 11, what is 5 - 135?
-130
In base 3, what is -122 + 12002?
11110
In base 5, what is 2 + -1?
1
In base 6, what is -14 + -2332?
-2350
In base 15, what is -bac + -2?
-bae
In base 13, what is 1b5 - 1c?
196
In base 3, what is 12121112 + -10?
12121102
In base 15, what is -249 + 26?
-223
In base 8, what is 24 + 32?
56
In base 16, what is -172 + 4?
-16e
In base 2, what is 101 + -1000101?
-1000000
In base 9, what is 147 - 3?
144
In base 16, what is 9 - -3?
c
In base 9, what is -4 + -1030?
-1034
In base 16, what is -9 + 3f?
36
In base 10, what is 101 - 2?
99
In base 9, what is -33 + -3?
-36
In base 8, what is -22 - -44?
22
In base 6, what is -1 - 2453?
-2454
In base 13, what is 2b + -502?
-4a4
In base 6, what is 11 - -1445?
1500
In base 9, what is -318 - -2?
-316
In base 3, what is -12 + -11220102?
-11220121
In base 5, what is 10 - -111?
121
In base 14, what is -8 + 33?
29
In base 11, what is 5 + -3577?
-3572
In base 6, what is 4 + 14405?
14413
In base 6, what is 43242 + -4?
43234
In base 6, what is -235 + -14?
-253
In base 10, what is 0 + -207?
-207
In base 9, what is 0 - -154?
154
In base 7, what is 140 + -1?
136
In base 15, what is 4 + 0?
4
In base 5, what is -11340 + -12?
-11402
In base 8, what is 55 - 14?
41
In base 8, what is -1364 + -3?
-1367
In base 11, what is 628 - -5?
632
In base 4, what is 10 - -1101211?
1101221
In base 14, what is -859 + -1?
-85a
In base 10, what is 1 - 5030?
-5029
In base 14, what is -3 - -25?
22
In base 14, what is -1 + 1b?
1a
In base 6, what is 1050 - -5?
1055
In base 6, what is 0 + 1445?
1445
In base 13, what is a0 - 5?
98
In base 13, what is 2984 + -3?
2981
In base 6, wh